mainder when w(2) is divided by j(-7)?
4
Suppose 231*k + 1411 = 44608. Calculate the remainder when k is divided by 94.
93
Let l(j) = 19*j - 119. Let v(x) = 17*x - 119. Let p(k) = 3*l(k) - 2*v(k). Calculate the remainder when p(9) is divided by 18.
16
Let h be -1 + (-10263)/(-24) - 54/(-144). Let m = h + -374. What is the remainder when m is divided by 6?
5
Let b = 199919 - 199869. Let s = 480 - 261. Let k = 417 - s. Calculate the remainder when k is divided by b.
48
Suppose 3*m = -5*c + 603, m = -m - 8. Let v = c + -70. Suppose -5*i - 2*z = -v, 3*z - z + 24 = 2*i. Calculate the remainder when 19 is divided by i.
8
Suppose 3*k + u - 599 = 0, -3*k + 0*k + 601 = 2*u. Let o = k + -187. Calculate the remainder when 286 is divided by o.
10
Suppose 599*n - 4105 = 604*n. Let h = n - -976. What is the remainder when h is divided by 79?
76
Let a = 293 - 270. Let d = 55 - -37. Suppose 0 = u + 4*m - 58, 2*u = 2*m - 4*m + d. Calculate the remainder when u is divided by a.
19
Let w(r) = -r**3 + 10*r**2 - 19*r - 10. Let k(h) = h - 27. Let x be k(33). Calculate the remainder when (-8)/12 - 176/(-3) is divided by w(x).
18
Suppose 0 = 3*j - 4*q - 227, -51*j - 4*q = -46*j - 325. What is the remainder when (-4)/(-18) - (-4784)/18 is divided by j?
59
Let s(u) = -1465*u + 1478. Calculate the remainder when 2031 is divided by s(1).
3
Suppose 8*t - 52 = 4*t. Calculate the remainder when 200 is divided by (-14 + t)/((-3)/123).
36
Suppose -3*m - 16 = -13*c + 11*c, m = -4. Let t(p) = 13*p**2 - 3*p - 2. Calculate the remainder when t(-1) is divided by c.
0
Suppose 2*u + 11 = 51. Suppose 312*n - 2403 - 2589 = 0. What is the remainder when u is divided by n?
4
Let g be (-32)/4 + 4 + -19. Let x = g + 17. Let s(p) = p**2 + 4*p - 1. What is the remainder when 32 is divided by s(x)?
10
Suppose -44950 = -39*x + 25562. Calculate the remainder when x is divided by 900.
8
Let y(f) = 869*f**3 + 2*f + 1. Let l be y(-1). Suppose 0 = -2*r + 4 + 4. Calculate the remainder when (-2)/6 + l/(-45) is divided by r.
3
Suppose 0 = -24*n + 28*n + 844. Let f = -172 - n. What is the remainder when f is divided by 21?
18
Suppose -f + 316 + 167 = 0. Suppose -9*c + 16*c = f. What is the remainder when c is divided by 17?
1
Calculate the remainder when (3554 + 1)*(584/(-24) - -25) is divided by 16.
2
Let n be (0 - -5) + (-252)/1. Let j be 2 + 3 - (n - 4). Suppose 5*y - j - 249 = 0. Calculate the remainder when y is divided by 17.
16
Let r(z) = 1084*z + 10687. What is the remainder when r(-9) is divided by 74?
43
Suppose -2*a + 4 = 0, -2*a - 200 = -4*m + 24. Suppose w = -5*c + 61, 3*c = 2*w - 0*w - m. Calculate the remainder when w is divided by -1 + (-1 - 1) - -13.
6
Let q(h) = 6*h**2 - 115*h - 62. Calculate the remainder when q(21) is divided by 3/1*(-20)/(-6).
9
Suppose 0 = -97*d + 53*d + 61952. Calculate the remainder when d is divided by 28.
8
Let w(x) = -x**2 - 14*x - 10. Let b = 8552 + -8436. What is the remainder when b is divided by w(-10)?
26
Suppose 5916 = -65*k - 96*k + 31193. Calculate the remainder when k is divided by 86.
71
What is the remainder when 315 is divided by 2/12 - 41495/(-1158)?
27
Let g = -2566 + 2586. What is the remainder when 733 is divided by g?
13
Suppose 63 = 27*u - 24*u. Let v be -24*(-3 - 9/(-6)). Suppose 3*w = -4*q + 16 + 5, -v = -3*w + q. Calculate the remainder when u is divided by w.
10
Suppose -3*i - 5*f + 915 = 0, 4*i + 192 = 5*f + 1482. Calculate the remainder when i is divided by 62.
5
Let h(l) = 54*l + 1581. Calculate the remainder when 168 is divided by h(-29).
3
Suppose 12 = -7*w + 124. Calculate the remainder when 10179/435 + (-1 - w/(-10)) is divided by 94/14 + 2/7.
3
Suppose -4*d + 228 = 2*x, -2*d = 6*x - 4*x - 112. Let t(o) = 3*o - 12. What is the remainder when d is divided by t(5)?
1
Suppose -10*d + 13*d = 2*g + 63, 4*d - 3*g - 85 = 0. Let q = -278 - -391. What is the remainder when q is divided by d?
18
Suppose -2*r - 11 - 5 = 4*g, 2*g + 18 = 4*r. Suppose 4*n - 20 = 2*n - r*w, 0 = 5*n + 2*w - 59. Calculate the remainder when 115 is divided by n.
11
Let v be -8 + 7 + -367 - (-4)/1. Let b = v - -404. What is the remainder when 76 is divided by b?
36
Let o = 6676 - 5956. Calculate the remainder when o is divided by 43.
32
Let m = 94 - 94. Suppose m = -2*o - 0*o - g + 38, 2*g = 4. Calculate the remainder when 62 is divided by o.
8
Let s = -5112 - -5164. What is the remainder when 347 is divided by s?
35
Let f(p) = 34*p - 35 + 621*p**2 - 1183*p**2 + 588*p**2. Calculate the remainder when f(1) is divided by 1.
0
Let u(l) = 3*l**3 + 84*l**2 - 9*l + 29. Calculate the remainder when 434 is divided by u(-28).
153
What is the remainder when (-2)/(-2*1/41) is divided by 8/12 - 440/(-33)?
13
Let b = 8 + -5. Suppose 3*o + 368 = u, -u - 500 = 4*o - 0*u. Let k = 130 + o. What is the remainder when k is divided by b?
0
Let f = 18 - -4. Calculate the remainder when f is divided by 243/405*(-65)/(-3).
9
Let n = -3959 - -4046. Suppose -4*m + 62 = 2*i, 5*m + i - 10 = 72. What is the remainder when n is divided by m?
2
Let a be (-23)/(-69)*(0 + 36). Let z be (0/(-2) + 1)*(14 - a). Suppose -z*j = -11*j + 54. Calculate the remainder when 6 is divided by j.
0
Suppose -c + 17*c = -3*c + 589. Calculate the remainder when (6 + -1)*(-1 + 38) is divided by c.
30
Suppose -o + 5 = 0, -2*p + 84 = o - 3. What is the remainder when 286 is divided by p?
40
Let d(g) = -g**3 + 21*g**2 + 13*g - 333. Let x be d(21). Let o be (-2)/7 + 639/7. Let c = o + x. What is the remainder when c is divided by 4?
3
Let i be (-64)/(-48) + ((-140)/6)/(-2). Suppose i*u = 612 + 246. Calculate the remainder when u is divided by 14.
10
Let q be (2 - -44) + 2 + -2 + 0. Suppose 2*h - q = 2*m, -h + 52 = h - 5*m. What is the remainder when 83 is divided by h - 0*(-3)/(-6)?
20
Let v be 6 - (-14040 - 48/(-8)). Suppose v = 73*t - 43*t. Calculate the remainder when t is divided by 47.
45
Let k(y) = 8*y**2 + 47*y**3 - 1 - 163*y**3 - 4*y**2 - 3*y**2. Let d be k(-1). Let n = d - 69. What is the remainder when n is divided by 24?
23
Let w = 6 + -3. Let i(c) = -56*c - 5. Let n be i(-1). Suppose n = 10*s + 11. What is the remainder when s is divided by w?
1
Suppose -v = -4*z - 21, -v + 7 = z + 2*z. Suppose v*a + 132 = 17*a. Calculate the remainder when 92 is divided by a.
26
Suppose -19*w - 990 = 11*w. Calculate the remainder when (-1 - (-6060)/32) + w/88 is divided by 49.
41
Suppose 7*d = 12*d - 90. Suppose 103 + 257 = d*t. What is the remainder when 131 is divided by t?
11
Suppose 335*w + 2527 = 342*w. Let x = w - 339. Let k(q) = q**2 - q + 107. What is the remainder when k(0) is divided by x?
19
Let q = -23 - -21. Let y be 1/2 - 11/q. Let f(i) = 8*i - 6. What is the remainder when f(y) is divided by 22?
20
Suppose 0 = 8*m + m - 54. Suppose m*g + 243 = 963. What is the remainder when g is divided by 25?
20
Let l(z) = 6*z**3 - 23*z**2 + 82*z + 80. Calculate the remainder when l(4) is divided by 27.
19
Let t = 147 + -73. Let p = -950 - -955. Let c(z) = 2*z**2 - 11*z + 31. What is the remainder when t is divided by c(p)?
22
Let s = -15 + 68. Suppose -3*k = -r - 2, -4*r = -k + 4*k - 22. Let v(q) = 2*q**3 - 2*q**2 - q + 2. What is the remainder when s is divided by v(k)?
5
Let i = -1639 - -1807. What is the remainder when 177 is divided by i?
9
Let y = 35 - 18. Let u(o) = -o**3 - 22*o**2 - 44*o + 4. Suppose -13*v - 244 - 16 = 0. Calculate the remainder when u(v) is divided by y.
16
Suppose 9*i + 39 = -5*o + 6*i, -o + 2*i = 0. What is the remainder when ((-76)/o)/(11/((-33)/(-2))) is divided by 11?
8
Let o be (0 + (-30)/8)*(-620)/93. Suppose -273 = -o*c + 22*c. Calculate the remainder when c is divided by 46.
45
Suppose -367*w = -368*w + 3*f + 54, 6*w - 354 = 3*f. Let h be -30 - (-1 - (-1)/(-1)). Let s = w + h. Calculate the remainder when s is divided by 12.
8
Let r = -113 - -117. Suppose -r*u + 76 - 40 = 0. Suppose 30 = 4*y - 4*n + 2*n, 5*y - 2*n = 38. Calculate the remainder when u is divided by y.
1
Let l(b) = -3*b + 6. Suppose -174*o + 7718 + 11 = -12629. What is the remainder when o is divided by l(-6)?
21
Suppose 207 = 205*n + 85 - 83. Calculate the remainder when 41 is divided by n.
0
Let d(i) = -19*i + 3. Let u be (5/((-20)/6))/(6/8). Let m(q) = -64*q + 33. What is the remainder when m(u) is divided by d(-2)